 factors of 49043645?
5, 7, 1401247
List the prime factors of 34940874.
2, 3, 1489, 3911
List the prime factors of 5111402248.
2, 163, 3919787
List the prime factors of 51661737.
3, 5740193
List the prime factors of 966215020.
2, 5, 41, 379, 3109
List the prime factors of 332175893.
7, 47453699
List the prime factors of 40310138.
2, 11, 1832279
List the prime factors of 7982943044.
2, 47, 42462463
List the prime factors of 635194995.
3, 5, 42346333
What are the prime factors of 133214136?
2, 3, 11, 504599
List the prime factors of 83224753.
1091, 76283
What are the prime factors of 19835371?
19835371
What are the prime factors of 458609581?
23, 2161, 9227
List the prime factors of 4609671.
3, 11, 41, 3407
List the prime factors of 1720576677.
3, 573525559
What are the prime factors of 7284999?
3, 19, 127807
List the prime factors of 2388667080.
2, 3, 5, 19, 157, 6673
What are the prime factors of 2559940857?
3, 284437873
List the prime factors of 150194699.
6823, 22013
List the prime factors of 1581512326.
2, 1511, 523333
What are the prime factors of 302615723?
302615723
What are the prime factors of 74157602?
2, 41, 904361
List the prime factors of 47474885.
5, 29, 37, 8849
List the prime factors of 561129955.
5, 112225991
What are the prime factors of 1049210820?
2, 3, 5, 7, 30841
List the prime factors of 38369207.
5857, 6551
List the prime factors of 262068349.
19, 13793071
What are the prime factors of 17330137?
11, 1575467
List the prime factors of 54108387.
3, 6012043
List the prime factors of 41471656.
2, 5183957
What are the prime factors of 249498937?
19, 13131523
What are the prime factors of 54791360?
2, 5, 13, 13171
What are the prime factors of 1312082433?
3, 145786937
List the prime factors of 844191987.
3, 127, 313, 7079
List the prime factors of 23976501.
3, 503, 15889
What are the prime factors of 322771063?
641, 503543
What are the prime factors of 45722077?
45722077
What are the prime factors of 4329571?
227, 19073
What are the prime factors of 918546841?
29, 31674029
List the prime factors of 19075066.
2, 61, 156353
What are the prime factors of 8148341178?
2, 3, 19, 29, 273857
What are the prime factors of 121532856?
2, 3, 41, 113, 1093
List the prime factors of 443059530.
2, 3, 5, 41, 43, 8377
List the prime factors of 103878589.
797, 130337
List the prime factors of 298579125.
3, 5, 13, 73, 839
What are the prime factors of 457990189?
2221, 206209
List the prime factors of 36509543.
7, 5215649
What are the prime factors of 292214324?
2, 29, 2519089
List the prime factors of 30537606.
2, 3, 11, 23, 20117
What are the prime factors of 129854303?
19, 2053, 3329
List the prime factors of 39473986.
2, 311, 63463
What are the prime factors of 649390423?
11, 83, 64661
List the prime factors of 3937037713.
7, 131, 4293389
What are the prime factors of 452663180?
2, 5, 37, 611707
List the prime factors of 103430710.
2, 5, 433, 23887
List the prime factors of 649273680.
2, 3, 5, 11, 73, 1123
List the prime factors of 842066009.
10771, 78179
List the prime factors of 4301726140.
2, 5, 2539, 84713
What are the prime factors of 1915961250?
2, 3, 5, 7, 10427
What are the prime factors of 1265525726?
2, 37, 71, 240869
What are the prime factors of 487107041?
23, 373, 56779
List the prime factors of 6881599.
47, 146417
List the prime factors of 35058403.
17, 41, 179, 281
List the prime factors of 50626348.
2, 31, 83, 4919
List the prime factors of 36861093.
3, 4095677
List the prime factors of 4711594079.
4409, 1068631
List the prime factors of 252110836.
2, 63027709
What are the prime factors of 2598730198?
2, 43, 4201, 7193
List the prime factors of 1028464343.
23, 137, 617
What are the prime factors of 76506289?
3467, 22067
What are the prime factors of 3142737870?
2, 3, 5, 104757929
What are the prime factors of 125547643?
13, 911, 10601
What are the prime factors of 961552793?
17, 1949, 29021
List the prime factors of 57797560.
2, 5, 53, 137, 199
What are the prime factors of 74014033?
2531, 29243
List the prime factors of 77279118.
2, 3, 7, 19, 113, 857
List the prime factors of 2982554781.
3, 67, 14838581
What are the prime factors of 85455536?
2, 5340971
What are the prime factors of 158458354?
2, 43, 1842539
List the prime factors of 151087946.
2, 37, 2041729
What are the prime factors of 141248817?
3, 15694313
List the prime factors of 808576599.
3, 269525533
List the prime factors of 75531824.
2, 307, 15377
List the prime factors of 3008207311.
3008207311
List the prime factors of 346450827.
3, 10627, 10867
List the prime factors of 67315130.
2, 5, 109, 61757
List the prime factors of 147604089.
3, 3313, 14851
What are the prime factors of 29390407?
29390407
What are the prime factors of 45694565?
5, 7, 1305559
What are the prime factors of 392239415?
5, 41, 283, 6761
What are the prime factors of 26148290?
2, 5, 7, 97, 3851
List the prime factors of 52527781.
6263, 8387
What are the prime factors of 454317748?
2, 113579437
What are the prime factors of 1606796306?
2, 803398153
List the prime factors of 886721174.
2, 353, 439, 2861
What are the prime factors of 208072590?
2, 3, 5, 11, 630523
List the prime factors of 795943352.
2, 31, 3209449
List the prime factors of 70322612.
2, 113, 155581
List the prime factors of 108636252.
2, 3, 9053021
What are the prime factors of 116822708?
2, 17, 1717981
What are the prime factors of 52912991?
101, 139, 3769
What are the prime factors of 1423946093?
2687, 529939
What are the prime factors of 302306106?
2, 3, 229, 220019
List the prime factors of 651024072.
2, 3, 47, 192383
List the prime factors of 69034077.
3, 7, 1095779
What are the prime factors of 354189258?
2, 3, 19677181
What are the prime factors of 101269563?
3, 19, 1776659
List the prime factors of 162067136.
2, 7, 11, 32887
What are the prime factors of 2389961027?
23, 31, 43, 137, 569
List the prime factors of 134234211.
3, 44744737
What are the prime factors of 50887480?
2, 5, 7, 3709
What are the prime factors of 8554174188?
2, 3, 7, 197, 516931
List the prime factors of 53311107.
3, 17770369
List the prime factors of 662321471.
7, 94617353
List the prime factors of 528792827.
528792827
List the prime factors of 71404406.
2, 35702203
List the prime factors of 1027493322.
2, 3, 7433, 23039
What are the prime factors of 112427992?
2, 14053499
List the prime factors of 51831456.
2, 3, 53, 61, 167
List the prime factors of 1286356012.
2, 19, 16925737
What are the prime factors of 923102638?
2, 373, 1237403
What are the prime factors of 85349046?
2, 3, 59, 353, 683
List the prime factors of 50621364.
2, 3, 577, 2437
List the prime factors of 7412769154.
2, 7, 101, 5242411
List the prime factors of 333008070.
2, 3, 5, 17, 652957
List the prime factors of 879329108.
2, 7, 4486373
List the prime factors of 1220180.
2, 5, 13, 19
List the prime factors of 4743919649.
7, 17, 307, 129853
What are the prime factors of 353029744?
2, 101, 218459
List the prime factors of 1833500573.
1833500573
What are the prime factors of 193256972?
2, 48314243
What are the prime factors of 1640981501?
29, 383, 147743
List the prime factors of 2491321776.
2, 3, 51902537
List the prime factors of 403654707.
3, 541, 82903
List the prime factors of 673594221.
3, 1783, 125929
List the prime factors of 549140096.
2, 149, 28793
List the prime factors of 2826862187.
17, 373, 445807
What are the prime factors of 156364060?
2, 5, 191, 40933
List the prime factors of 29234296.
2, 7, 13, 3089
What are the prime factors of 282766185?
3, 5, 13, 17, 28433
List the prime factors of 680399938.
2, 23, 14791303
What are the prime factors of 160775075?
5, 97, 167, 397
What are the prime factors of 63289398?
2, 3, 10548233
What are the prime factors of 123714797?
17, 7277341
What are the prime factors of 3842659851?
3, 41, 3467, 9011
List the prime factors of 792114256.
2, 19, 53, 211, 233
List the prime factors of 50482876.
2, 883, 14293
List the prime factors of 497127.
3, 165709
List the prime factors of 624856883.
7, 89265269
What are the prime factors of 11863669?
31, 109, 3511
List the prime factors of 61799973.
3, 20599991
What are the prime factors of 666860192?
2, 20839381
List the prime factors of 49097117.
89, 551653
What are the prime factors of 34934